h - 33435 - 7675 = 0. Let o = 10884 + h. Is o prime?
False
Suppose 2322*l - 2321*l - 120387 = 0. Is l a composite number?
True
Let z be (-3 + 22)*(2 + -1) + 1. Suppose -2*r + 1649 = -r - 2*w, z = -5*w. Is r prime?
False
Let c be (-59 + 0)*-193*(1 + -2). Let y be 55/(-15) + 4 - c/3. Suppose -3*r = -5*n - y, 2*n + 1252 = r + 3*n. Is r a composite number?
True
Let a(d) be the third derivative of -113*d**4/24 + 9*d**3/2 - 40*d**2 - d. Is a(-38) composite?
True
Suppose -476*y = -151*y - 275534675. Is y prime?
False
Suppose 6*n + 20 = n. Is 15/3*(n + 6735 + 2) composite?
True
Let x be 1 + ((-6)/(-7))/(3/14). Suppose k = -3 + x. Suppose t + 5*y = 116 + 50, 0 = k*t + 4*y - 362. Is t prime?
True
Suppose 59*r - 54*r = -25, -3*j + 5*r = -31174. Is j a prime number?
False
Suppose -19*h - 159050 = -21*h + 4*y, -5*h + 397658 = y. Is h a composite number?
False
Suppose 526*d + 118616 = 522*d. Let t = -16673 - d. Is t a prime number?
False
Suppose -5*w - 26 = z, w - 2 = -3*z + 4. Is 31362/9*(15/w + 4) prime?
True
Let n = 116 - 114. Suppose 2*q = n*d + 3*q - 6976, -4*d + 13940 = -4*q. Is d composite?
True
Suppose 4*w - 126445 + 48353 = 3*g, -4*g + 97553 = 5*w. Is w prime?
False
Let n(v) = -9*v**3 - 3*v**2 + 89*v + 8. Is n(-21) composite?
True
Is 2*-4 + 41/5 + 3258736/20 a prime number?
True
Let q be (-6)/(-4)*(-23330)/(-15). Let d = 44 + -46. Is q*1 + (d - -2) a composite number?
False
Let q = -9946 + 62729. Is q composite?
False
Suppose -b + 25963 = -2*q, -14*q + 10*q + 51950 = 2*b. Is b a prime number?
True
Let g = -7369 - -30475. Is (-100)/(-20) - g/(-2 + 0) a prime number?
False
Let d be (-5 + 0)/(-1 + 5/30). Suppose -b - 5*v = -557, 0 = -5*v + d*v. Is b prime?
True
Let p(a) be the third derivative of -1069*a**6/120 - a**5/20 - a**4/8 - a**3/3 + 12*a**2. Is p(-1) prime?
False
Let s = 392 - 381. Is (-57)/(-114)*s*554 a prime number?
False
Suppose -374622 = -93*n + 184029. Is n prime?
True
Let x(g) = -2*g**3 - 15*g**2 - 11*g + 5. Let c be x(-10). Suppose -3*l - c + 4936 = s, 2*s - 7201 = -5*l. Is l prime?
False
Suppose -b = -i + 64, -3*i - 30 = 3*b - 234. Let q(k) = -155*k - 178*k + i*k - 296*k. Is q(-5) a composite number?
True
Let f(p) = 350*p**2 - 8*p + 1. Let r = -47 - -41. Let q(w) = -1051*w**2 + 23*w - 3. Let s(c) = r*q(c) - 17*f(c). Is s(1) a composite number?
True
Is (-477)/(-371) - (-5269472)/7 composite?
True
Let w = -56 + 60. Suppose -5*p + 13509 = -w*a, p + a - 2748 + 39 = 0. Is p composite?
True
Let h(j) = -j**3 + 46*j**2 - 37*j - 9. Is h(31) a prime number?
True
Suppose -2*u + 5 + 1 = 0. Suppose 0 = y + u*y. Suppose -4*v + 850 + 138 = y. Is v a prime number?
False
Let b be (6/4)/((84/64)/(-7)). Let m(w) = 15*w**2 + 14*w + 21. Is m(b) a prime number?
False
Suppose 34*m - 38*m = -16. Is (m/12)/((1/573)/1) composite?
False
Let h(t) = -4*t**2 + 25*t - 3. Let c(i) = -i. Let g(o) = -c(o) - h(o). Suppose -4*r - 42 = -5*y, 4*r + 15 = 3*y - 7. Is g(y) prime?
True
Suppose -9*i + 10*i + 34043 = 5*t, 5*i + 6799 = t. Suppose -3*z = -5*u - 4*z + t, 3*u = z + 4079. Is u prime?
True
Let o = -42 + 44. Suppose -r + 467 = o*m, m + 926 = 2*r + 3*m. Suppose 4*p + 5*c - 611 = 0, 0*p + 3*p - r = -4*c. Is p prime?
True
Suppose 3*f = 0, -2*g - 2*g - 3*f - 4832 = 0. Let m = g - -4501. Is m prime?
False
Is (-2496)/(-240)*(-191390)/(-8) prime?
False
Suppose 3*m + 255 = 1380. Let k be -7*1 + (-420)/(-28) + 372. Suppose 4*j - m = -q, j + k = -2*q + 3*q. Is q prime?
True
Let f = 178863 - 84896. Is f a composite number?
False
Let k = -69 - -69. Let m be k + (-811)/(-1 + 2). Let x = 1184 + m. Is x a prime number?
True
Suppose t + 0*t = 2. Suppose 4*y - 1746 = -2*m, y - 2*m = -t*y + 1313. Is y a composite number?
True
Let i(a) = -a**3 + 19*a**2 + 67*a + 30. Let h be i(22). Let v(u) = -u**3 + 53*u**2 + 52*u - 45. Is v(h) a prime number?
False
Suppose -3353 = -20*h + 173567. Suppose -4*k + 9526 + h = 0. Is k a composite number?
True
Let z(o) = 885128*o**3 + 2*o**2 - o - 2. Is z(1) prime?
True
Suppose 0 = 3*f + 4*c + 4 - 16, f - 4 = 5*c. Suppose p - 2*r = -0*r + 1905, -3*p = -f*r - 5711. Is p composite?
False
Let l be (-5 + -1)*14/6. Let c(n) = -n**2 - 16*n + 34. Let j be c(l). Suppose -5*f = 2*q - 1353, -3*f - 1978 = -3*q + j. Is q composite?
True
Suppose 150*z + 1378127 = 169*z. Is z prime?
True
Suppose o = h + 1919 + 8508, -3*h - 52135 = -5*o. Is o prime?
True
Is (-234934434)/(-1764) + 3/14 composite?
False
Suppose y = 15 - 16, 5*b + 224 = -4*y. Is (-2*22054/16)/(11/b) a prime number?
True
Let c(i) = 416*i**2 + 6*i + 7. Suppose 0 = -4*d - 8, y = -d - 2*d - 9. Let h be c(y). Let r = h - 1316. Is r composite?
False
Suppose -2*q = 3*i - 80723, 248*i - 3*q - 53824 = 246*i. Is i a composite number?
True
Suppose -10 = -5*y, -3*i = -4*y + y - 8724. Let u = -3201 + 1340. Let l = u + i. Is l a prime number?
True
Suppose 0 = q + 4*v - 21, -7*v = -3*q - 5*v + 7. Is (60/18)/q*6 + 3105 a composite number?
False
Suppose 0 = k - 2 - 2. Let l(o) = o**3 + 5*o**2 + 3*o - 1. Let w be l(k). Suppose 2*s - 1923 = w. Is s a composite number?
False
Suppose -2*s - 2*s + 20 = 0, 0 = c - 3*s + 74988. Is (-40)/(-100) + c/(-5) a prime number?
False
Suppose -59460 = -2*i + 729700 - 157398. Is i composite?
False
Suppose 186 = -61*d + 67*d. Suppose 43*h = d*h + 10596. Is h a prime number?
True
Suppose 0 = -8*j + 3078 + 67530. Let x = 9196 + j. Is x composite?
True
Suppose 4 = -6*f + 16. Suppose -g - 4*t = -4*g + 19, f*g - 3*t = 13. Suppose -5*d + 910 = g*d. Is d a prime number?
False
Suppose 4*p - 133 + 14 = 3*s, -p = 5*s + 229. Is (15/s)/(1/(-2631)) composite?
False
Suppose 0 = -g + 4304 - 189. Let a = 6418 - g. Suppose a = -3*j + 7772. Is j prime?
True
Let m(b) = -19*b**3 + 4*b**2 + 5*b - 1. Let l = 55 - 48. Let u be (-2)/(1 - l)*(-27)/3. Is m(u) prime?
False
Let a = -159280 - -532521. Is a a prime number?
False
Let x be (1 + -7 - -20)*(-7)/2. Let q be x/(-21) + (-4)/(-6). Suppose -5*a + o + 1180 = 0, -q*a + 5*a = 2*o + 464. Is a prime?
False
Suppose -7*j = -109*j + 450534. Is j a prime number?
False
Suppose -l - 5*c + 4387 = -46717, -4*l + 204432 = 4*c. Is l composite?
False
Is 158/237*(3 + -3 - (-98886)/2) composite?
True
Suppose -5*j - 23*z + 8531910 = -24*z, 7*j - 11944677 = 2*z. Is j prime?
True
Let r(k) = k**2 - 6*k + 10. Suppose 3*d + 35 = 4*x, -x - 5*d - 1 = 19. Let p be r(x). Let a(c) = 96*c + 22. Is a(p) composite?
True
Suppose -677*l - 2037000 = -690*l + 138953. Is l composite?
False
Let n = 138286 - -43657. Is n a composite number?
False
Let s(j) be the second derivative of -9*j**5/20 - j**4/6 + j**2/2 + j. Let a = -1878 + 1874. Is s(a) composite?
True
Let h be 4 - (10 - 3) - -10. Let n(c) be the third derivative of c**5/12 + 3*c**4/8 + 3*c**3/2 + 2*c**2. Is n(h) a composite number?
False
Let a = -272928 - -383608. Suppose -45*s + a = -5*s. Is s a prime number?
True
Suppose 0*a - 3*a = -369. Suppose -26 = -m + a. Suppose 9*s - m = 8*s. Is s composite?
False
Let a(o) = 171*o + 11. Let g(k) = k - 1. Let n(h) = a(h) + 6*g(h). Let b(p) = -177*p - 6. Let z(s) = 3*b(s) + 2*n(s). Is z(-9) composite?
True
Suppose 1542221 = 56*v - 824349 - 1535342. Is v a prime number?
True
Let h(r) = 5*r**2 - 6*r. Let l be h(2). Suppose -2*g = -l*g. Suppose g = 9*i - i - 9688. Is i a prime number?
False
Let n = -130 - -134. Suppose 2*j = 14 - 12, -n*a - 5*j + 24729 = 0. Is a a prime number?
False
Let q be 6*63/54 - -5. Is q/26 + (-11230060)/(-260) composite?
True
Let m(y) be the first derivative of -23*y - 2*y**2 + 1/3*y**3 - 6. Is m(10) prime?
True
Let z(j) = 26*j - 19. Suppose 0 = -4*n + 2*q - q + 23, -2 = -n + 4*q. Suppose 0 = 5*t - 2*f + n*f - 5, 20 = -t - 5*f. Is z(t) a composite number?
True
Let n = 425 - -675. Let v = 8667 + n. Is v a composite number?
False
Suppose -55 + 4 = -3*s. Suppose -s*l + 24709 = -1930. Is l prime?
True
Let a = 134 - 141. Is (a - 1 - -10)*15891/6 composite?
False
Suppose n - 3*i + 3 = -0*i, -3*i = -3. Suppose 3*t + n*j + 1 = -4*j, 0 = -3*t - j + 11. Suppose 3*o = o, t*f - 2435 = -o. Is f a composite number?
False
Suppose -40*s = -562 - 918. Suppose 0 = -s*d + 67085 + 18644. Is d a composite number?
True
Suppose 35*h = 21*h. Suppose 2*q + 3*i = -h*q + 4153, -i + 2078 = q. Is q a composite number?
False
Suppose 3*z + 2*j = 68 + 1120, -z + j = -396. Suppose 8*o + z = 6*o. Let w = o - -4